vative of 89*d**5/20 - d**4/4 + d**3 - 4*d**2 - 34*d. Is b(3) prime?
False
Let l(s) = -32 + 106*s + 5 - 321*s - 64*s. Let r be l(-8). Is r/3 - 4/(-2) a composite number?
True
Let y be (88/198)/(1/9). Suppose 3*s + 2*h - 21649 = 0, -4*s + y*h + 15949 + 12923 = 0. Is s a prime number?
False
Let d be ((-3)/(-9) - (-18)/27)*-5. Let x(q) = -31*q**3 - 3*q**2 - 7*q - 24. Is x(d) prime?
False
Is 6 + ((-145140)/(-3) - (15 - (12 - 0))) a composite number?
False
Let u(r) = 51*r**3 - 19*r**2 + 13*r + 1. Is u(4) a prime number?
False
Let y be (3 - 0)/1 + (18 - 0). Suppose 0 = -n + 2*n - 2*i - 8, -4*n - 3*i + y = 0. Suppose 10*a - n*a = 484. Is a composite?
True
Suppose -68*y + 12118249 = -10764499. Is y prime?
False
Suppose 16*l - 14*l + 13 = 5*p, -3*l - 5*p = -43. Let h(w) = 4*w**3 - 5*w**2 - 9*w + 29. Is h(l) prime?
True
Let b(w) be the third derivative of w**5/60 - 25*w**4/24 + 75*w**3/2 + 2*w**2 - 7. Is b(-28) composite?
False
Suppose 3*m - 1140 = -4*y, 0 = 3*y - 0*y - 3*m - 876. Let o be 0 - 2 - 3216/(-3). Suppose 286*g + o = y*g. Is g prime?
False
Let u = -36083 - -99460. Is u a prime number?
True
Suppose -3*p + 86964 = 3*q, p + 69551 = 2*q + 11590. Is q a composite number?
True
Suppose -141*h + 99038182 - 18700110 = -17398475. Is h a composite number?
False
Suppose 330889 = 4*j + q - 372419, -5*q - 703356 = -4*j. Is j a composite number?
False
Let s be -5 - (-23 + 3) - 1. Is 1563/3*(27 - s) a prime number?
False
Suppose -k + 164911 = 2*m, -6*k = -m - 2*k + 82469. Is m composite?
False
Suppose -14 = -3*x - i, 38*x + 2*i - 16 = 34*x. Is (2 - -1975)*x/9*1 a prime number?
False
Suppose 1108288 = 456*s - 424*s. Is s a composite number?
True
Let n = -121 - -181. Suppose 33*z - n*z + 259983 = 0. Is z composite?
False
Suppose -20 - 6 = -2*d. Let z(i) = -d - 17*i**3 + 32*i**3 + 5*i**2 - 4*i + 5*i**2. Is z(6) a composite number?
True
Suppose 0 = -8*a + 19 + 5. Suppose 4*u - a*u = -8235. Is 0 - 3/4 - u/20 a prime number?
False
Suppose -s = -0*s - 4, -1829 = -3*q - 5*s. Suppose 3*d - a - 1874 = -3*a, d + 5*a - q = 0. Suppose d = 10*b - 6*b. Is b a composite number?
False
Let n = -5 - -38. Let p = n + -62. Let d(m) = -29*m - 50. Is d(p) a prime number?
False
Suppose -1657519 = 21*m - 24*m + 2*c, 4*c + 1105018 = 2*m. Is m a composite number?
True
Let s(x) = 8827*x**2 + 375*x + 1. Is s(4) prime?
True
Let o = -77 + 80. Suppose -13 + 22 = o*r. Is -2*(r - (-1121)/(-2)) a composite number?
True
Let x(a) = -56911*a + 953. Is x(-12) composite?
True
Suppose 0 = 2*r + 6*s - 3*s + 16, 2*r + 16 = -5*s. Is (-2549)/r - (-8)/((-256)/(-12)) prime?
False
Let a be (1/(-2))/(7/153202). Let l = 2412 - a. Is l a prime number?
False
Let u(o) = -11*o + 13. Let p(j) = -12*j + 14. Let g(f) = 6*p(f) - 7*u(f). Let x be g(5). Let z = x + 4. Is z prime?
False
Let b be (-99028)/(-6)*3/(-2). Let d = b + 34890. Is d a prime number?
True
Let j(y) = -242*y**3 - 2*y**2 + y + 2. Let t be j(2). Let g = 33 - t. Is g composite?
False
Let y = -1068 - -69725. Is y prime?
False
Suppose 9*t = -2*n + 5*t + 291022, -3*t = -4*n + 582077. Is n a prime number?
True
Let z = 17379 + 440. Is z composite?
True
Let p be 569*1/(-2)*4. Let c = -2121 - -4012. Let m = c + p. Is m prime?
False
Let r = -24293 + 16129. Suppose l - 3*l = -12. Is (-15)/(-45) + (-1)/(l/r) a prime number?
True
Let p be 265/(-53)*(6/8)/(3/(-408)). Let b(u) = 53*u**2 + 5*u + 1. Let y be b(4). Let v = y - p. Is v prime?
True
Suppose 41608457 = 123*v + 120*v - 33085126. Is v a composite number?
False
Let h = 28341 - 7452. Is h/(-27)*3/(-1) composite?
True
Is (-4)/(-16) + (-220794)/(-56) composite?
False
Let x = 378957 - 195838. Is x prime?
True
Let o be -388*33/(-44)*(1 - 0). Suppose -4*v + o = -17657. Is v a prime number?
False
Suppose -9489 = -140*m + 137*m. Is m a composite number?
False
Let b(o) = -o**3 - 2*o**2 - o + 8. Let c be b(0). Let x(k) = k + 23 - 7*k - 8*k - c*k. Is x(-7) a prime number?
False
Let g(n) = -n**3 - 5*n**2 + n + 1. Let h be g(-5). Is (1707/(-6))/(h/(-112)*-2) prime?
False
Suppose -40 = -i - 38. Suppose -r = i - 10. Suppose r*o - 4459 = -195. Is o a prime number?
False
Let q(j) = j**3 + j**2 - j. Let g(d) = 7*d**3 + 18*d**2 - 20*d - 17. Let w(c) = -g(c) + 6*q(c). Let v be w(-13). Is 2 - (v - 5)/(2/466) prime?
False
Let r = 40 + -12. Let a(d) = d**3 - 28*d**2 + d - 20. Let z be a(r). Let h(u) = 432*u - 49. Is h(z) composite?
False
Let o(v) = 3*v**2 + 10*v - 11. Let n(z) = -7*z - 1. Let s(l) = -l**2 - 4*l - 5. Let i be s(-2). Let d be n(i). Is o(d) a prime number?
True
Suppose -m = -4*o + 24, -3*o + 12 + 6 = 4*m. Suppose d = o*d - 25. Suppose d*i = 8*i - 633. Is i a prime number?
True
Suppose -v = a - 61325, 4*v + a - 183963 = v. Is v composite?
True
Let p be 5/(-25) + 8224/(-5). Let g = p - -2888. Is g composite?
True
Let f = -125 - -74. Let d = f - -11. Let y = d - -50. Is y a prime number?
False
Let f(l) = 660*l**2 + 159*l - 394. Is f(32) composite?
True
Let x = -161 - -159. Let g = x + 143. Is g a prime number?
False
Let y = 3180 - -2735. Let s = -3214 + y. Is s a composite number?
True
Let w = -327 + 359. Is (2 - w/24) + (-18379)/(-3) a prime number?
False
Let n = 9 - 21. Let t be (10/(-6))/(4/n). Suppose 3*r = t*x - 10246, 10270 = 5*x - 0*x + 5*r. Is x a prime number?
False
Let c(s) = -6*s**3 + 9*s**2 + 6*s - 13. Let q(l) = -31*l**3 + 45*l**2 + 31*l - 65. Let t(a) = -11*c(a) + 2*q(a). Is t(12) composite?
False
Let g(n) = 54915*n**2 - 130*n - 52. Is g(3) composite?
False
Let c(g) = 66*g + 33. Let b be c(13). Let u = -592 + b. Is u prime?
False
Suppose j = -j + 3*m - 2, -5*j + 4*m + 2 = 0. Suppose -j*u + 8604 = w - u, 2*w - 17233 = 3*u. Is w a prime number?
True
Let m(o) = 69021*o - 391. Is m(2) prime?
False
Suppose -f + 129164 = 2*o + 2*o, 0 = 5*o + f - 161455. Suppose 25*s - 8634 - o = 0. Is s composite?
False
Let b = 4575 - 7770. Let g = 5852 + b. Is g a composite number?
False
Let w = 378973 - 209142. Is w prime?
True
Let t(j) = j**3 - 27*j**2 + 426*j + 187. Is t(104) prime?
False
Let t = -6077 + -1436. Let c = -1740 - t. Is c composite?
True
Suppose v = -5*b + 11709, -b + 9*v = 10*v - 2341. Is b a composite number?
True
Let z be 9/((-6)/(-2)) - -25. Is -1 + ((-13752)/28)/((-4)/z) prime?
False
Is (-2 - 15) + 19 + 286331 a composite number?
False
Let h(p) be the second derivative of 103*p**6/720 + 29*p**5/120 + 9*p**4/4 + 40*p. Let j(n) be the third derivative of h(n). Is j(14) a composite number?
False
Let s be (23 + -22)*(0 + 0). Suppose 9*h = -s*h + 27. Is (h + 791)*(21/(-6) - -4) a composite number?
False
Let q(j) be the third derivative of 133*j**4/4 + j**3/6 - 70*j**2. Is q(2) composite?
False
Suppose 64950 = -4*v + 61220 + 340422. Is v a prime number?
False
Suppose -72 = -116*k + 108*k. Let b(z) = 435*z - 168. Is b(k) prime?
False
Suppose -7*j + 6741 = -0*j. Let x = j - -3238. Is x a composite number?
False
Let a = 93934 + 775. Is a a composite number?
False
Let v(l) = -l**3 - 9*l**2 + 9*l + 25. Let x be (-56)/(-8) + (-19 - 2). Is v(x) composite?
True
Suppose 4954 = 11*x - 1140. Let v = x - -281. Is v composite?
True
Let x(b) = -6*b + 34. Let d be x(13). Let l be (-2)/(-8) - (-11)/d. Suppose l = m + 3*y - 48 - 1284, m - 3*y - 1302 = 0. Is m a composite number?
True
Let l(k) = -k**3 - 5*k**2 + 213449. Is l(0) a prime number?
True
Let i be ((-28)/8 + 3)*58704/(-3). Suppose -i = -2*a + 5894. Suppose 8*s - 9401 = a. Is s prime?
False
Suppose 0 = -c - 32 + 37. Suppose d - 21673 = c*f, 0 = -f - 0*f + 5*d - 4325. Let h = 7178 + f. Is h a prime number?
True
Suppose 136507 = 4*i - 11*q + 6*q, 0 = -5*i + 3*q + 170624. Is i a prime number?
True
Let q(d) = 3*d**3 - 7*d**2 + d - 30. Let c be q(9). Let x = 9868 + c. Is x a prime number?
True
Let r = 13157 - -93746. Is r a composite number?
False
Let q(r) = -62765*r - 1122. Is q(-7) prime?
True
Let u be (1320 - 5) + (-9 - -4). Let g(a) = a**2 + 4*a + 2. Let p be g(-2). Is 3 - u/5*p a prime number?
False
Suppose 5*o = -x + 316389, -236*o + 233*o - 4*x + 189847 = 0. Is o a prime number?
True
Suppose -s + m - 97 = 0, 8*m + 515 = -5*s + 7*m. Is s/(-51) - (-5469)/1 prime?
True
Let s be 0*2/(-7 + 5). Suppose -3*k - 3*h + 11 = -h, -4*k + 5*h - 16 = s. Is 1 + 6 + 3643 + k*-3 a composite number?
True
Is -29*(-1 + 5/10 + 21819/(-6)) a composite number?
True
Let g(w) = -3432*w + 